{"id":250,"date":"2013-10-08T11:37:23","date_gmt":"2013-10-08T09:37:23","guid":{"rendered":"http:\/\/damienlagrange.fr\/home\/?page_id=250"},"modified":"2023-08-07T16:26:28","modified_gmt":"2023-08-07T14:26:28","slug":"contact-3","status":"publish","type":"page","link":"http:\/\/damienlagrange.fr\/home\/index.php\/contact-3\/","title":{"rendered":"CONTACT"},"content":{"rendered":"\n<p><strong>Damien Lagrange Architecte<\/strong><br><strong>fixe <\/strong>04 81 06 06 85<br><strong>mobile <\/strong>06 60 68 01 83<br><strong>mail <\/strong><a href=\"mailto:contact@damienlagrange.fr\">contact@damienlagrange.fr<\/a><\/p>\n\n\n\n<div style=\"height:58px\" aria-hidden=\"true\" class=\"wp-block-spacer\"><\/div>\n\n\n\n<h2 class=\"wp-block-heading\">O\u00f9 nous retrouver<\/h2>\n\n\n\n<p><strong>LYON &#8211; Atelier des possibles 69<\/strong><br><a rel=\"noreferrer noopener\" href=\"https:\/\/goo.gl\/maps\/wRzr5abUaVDgeaGG9\" data-type=\"URL\" data-id=\"https:\/\/goo.gl\/maps\/wRzr5abUaVDgeaGG9\" target=\"_blank\">5 rue Villeroy 69003 LYON<\/a><br>M\u00e9tro D &#8211; Arr\u00eat Guilloti\u00e8re<br>M\u00e9tro B &#8211; Arr\u00eat Place Guichard<br>Tram T1 &#8211; Arr\u00eat Libert\u00e9<\/p>\n\n\n\n<p><strong>AIN &#8211; Atelier des possibles 01<\/strong><br><a rel=\"noreferrer noopener\" href=\"https:\/\/goo.gl\/maps\/gWC3Bfdb48HKgta68\" data-type=\"URL\" data-id=\"https:\/\/goo.gl\/maps\/gWC3Bfdb48HKgta68\" target=\"_blank\">134 rue Montpensier 01990 SAINT-TRIVIER-SUR-MOIGNANS<\/a><br>L&rsquo;agence se situe dans la grande rue de Saint-Trivier-sur-moignans, \u00e0 mi-chemin entre Bourg-en-Bresse et Villefranche-sur-Sa\u00f4ne<\/p>\n","protected":false},"excerpt":{"rendered":"<p>Damien Lagrange Architectefixe 04 81 06 06 85mobile 06 60 68 01 83mail contact@damienlagrange.fr O\u00f9 nous retrouver LYON &#8211; Atelier des possibles 695 rue Villeroy 69003 LYONM\u00e9tro D &#8211; Arr\u00eat Guilloti\u00e8reM\u00e9tro B &#8211; Arr\u00eat Place GuichardTram T1 &#8211; Arr\u00eat Libert\u00e9 AIN &#8211; Atelier des possibles 01134 rue Montpensier 01990 SAINT-TRIVIER-SUR-MOIGNANSL&rsquo;agence se situe dans la grande [&hellip;]<\/p>\n","protected":false},"author":1,"featured_media":0,"parent":0,"menu_order":0,"comment_status":"closed","ping_status":"closed","template":"","meta":[],"_links":{"self":[{"href":"http:\/\/damienlagrange.fr\/home\/index.php\/wp-json\/wp\/v2\/pages\/250"}],"collection":[{"href":"http:\/\/damienlagrange.fr\/home\/index.php\/wp-json\/wp\/v2\/pages"}],"about":[{"href":"http:\/\/damienlagrange.fr\/home\/index.php\/wp-json\/wp\/v2\/types\/page"}],"author":[{"embeddable":true,"href":"http:\/\/damienlagrange.fr\/home\/index.php\/wp-json\/wp\/v2\/users\/1"}],"replies":[{"embeddable":true,"href":"http:\/\/damienlagrange.fr\/home\/index.php\/wp-json\/wp\/v2\/comments?post=250"}],"version-history":[{"count":24,"href":"http:\/\/damienlagrange.fr\/home\/index.php\/wp-json\/wp\/v2\/pages\/250\/revisions"}],"predecessor-version":[{"id":1879,"href":"http:\/\/damienlagrange.fr\/home\/index.php\/wp-json\/wp\/v2\/pages\/250\/revisions\/1879"}],"wp:attachment":[{"href":"http:\/\/damienlagrange.fr\/home\/index.php\/wp-json\/wp\/v2\/media?parent=250"}],"curies":[{"name":"wp","href":"https:\/\/api.w.org\/{rel}","templated":true}]}}