{"id":244,"date":"2016-04-21T10:00:34","date_gmt":"2016-04-21T08:00:34","guid":{"rendered":"http:\/\/damienlagrange.fr\/home\/?page_id=244"},"modified":"2025-01-13T13:58:22","modified_gmt":"2025-01-13T12:58:22","slug":"agence-3","status":"publish","type":"page","link":"http:\/\/damienlagrange.fr\/home\/index.php\/agence-3\/","title":{"rendered":"AGENCE"},"content":{"rendered":"\n<div class=\"wp-block-group is-layout-flow\"><div class=\"wp-block-group__inner-container\">\n<pre class=\"wp-block-preformatted\">DLA \u2013 Damien Lagrange Architecte a ouvert ses portes en septembre 2010.\nje suis implant\u00e9 en plein centre de Lyon, quartier pr\u00e9fecture \/ Guilloti\u00e8re Nord au 5 rue Villeroy dans le 3e arrondissement\n\nJ'ai auparavant travaill\u00e9 pendant cinq ann\u00e9es sur diff\u00e9rents sujets ( commerces, logements bureaux...) dans des agences lyonnaises ( M+R architectes et Sud architectes).\nJ\u2019ai acquis durant ces p\u00e9riodes des comp\u00e9tences sur le suivi longitudinale des projets (de la faisabilit\u00e9 \u00e0 l'ex\u00e9cution).\nL'activit\u00e9 de l'agence est vari\u00e9e ( habitat individuelle et collectif, construction industrielle, b\u00e2timent public...) autant en constructions neuves qu'en r\u00e9habilitation.\u00a0 Je ne suis pas un architecte \"sp\u00e9cialis\u00e9\". La vari\u00e9t\u00e9 des sujets m'int\u00e9resse.\u00a0\nJe suis ouvert \u00e0 toutes propositions de mission : relev\u00e9s et \u00e9tats des lieux, \u00e9tudes de faisabilit\u00e9, dossiers de permis de construire, dossiers de consultation des entreprises, suivis de chantier,\u2026\nJe veux mettre \u00e0 votre service mes comp\u00e9tences acquises et ma capacit\u00e9 \u00e0 synth\u00e9tiser les contraintes contemporaines du b\u00e2timent, les r\u00e8gles d\u2019urbanismes et les diff\u00e9rentes l\u00e9gislations inh\u00e9rentes pour les adapter \u00e0 vos envies et vos besoins.\n\nJ'\u00e9tudie toute proposition d'intervention m\u00eame si ma zone g\u00e9ographique est essentiellement la r\u00e9gion Rh\u00f4ne-Alpes\n\n<strong>QUI SOMMES-NOUS?<\/strong>\n<strong>Damien Lagrange <\/strong>Architecte DPLG et g\u00e9rant de DLA depuis 2010\nInscrit \u00e0 l\u2019ordre des architectes (rho02252 \u2013 076943)\nAssur\u00e9 \u00e0 la Mutuelle des architectes fran\u00e7ais sous le num\u00e9ro 58199\/K\/22\nDipl\u00f4m\u00e9 de l\u2019\u00e9cole d\u2019architecture de Lyon (ENSAL) (2005)\nDUT GENIE CIVIL \u00e0 l\u2019IUT A de l\u2019universit\u00e9 Claude Bernard LYON 1 (1999)\nFORMATION DEVELOPPEMENT DURABLE ET QUALITE ENVIRONNEMENTALE avec la Scop des 2 rives (2023)\n\n<strong>MOYENS MATERIELS<\/strong>\npostes informatiques (portable et bureaux) logiciels DAO\/CAO\nDraftsight\u2013 Sketchup \u2013 Photoshop \u2013 Indesign \u2013 Office 365\ngraveur dvd imprimante laser couleur A3 scanner A3\ntraceur A0\nv\u00e9hicule\n\n<\/pre>\n\n\n\n<p style=\"text-align: left;\">\u00a0<\/p>\n<p style=\"text-align: left;\">\u00a0<\/p>\n<\/div><\/div>\n","protected":false},"excerpt":{"rendered":"<p>DLA \u2013 Damien Lagrange Architecte a ouvert ses portes en septembre 2010. je suis implant\u00e9 en plein centre de Lyon, quartier pr\u00e9fecture \/ Guilloti\u00e8re Nord au 5 rue Villeroy dans le 3e arrondissement J&rsquo;ai auparavant travaill\u00e9 pendant cinq ann\u00e9es sur diff\u00e9rents sujets ( commerces, logements bureaux&#8230;) dans des agences lyonnaises ( M+R architectes et Sud [&hellip;]<\/p>\n","protected":false},"author":1,"featured_media":0,"parent":0,"menu_order":0,"comment_status":"closed","ping_status":"closed","template":"","meta":[],"_links":{"self":[{"href":"http:\/\/damienlagrange.fr\/home\/index.php\/wp-json\/wp\/v2\/pages\/244"}],"collection":[{"href":"http:\/\/damienlagrange.fr\/home\/index.php\/wp-json\/wp\/v2\/pages"}],"about":[{"href":"http:\/\/damienlagrange.fr\/home\/index.php\/wp-json\/wp\/v2\/types\/page"}],"author":[{"embeddable":true,"href":"http:\/\/damienlagrange.fr\/home\/index.php\/wp-json\/wp\/v2\/users\/1"}],"replies":[{"embeddable":true,"href":"http:\/\/damienlagrange.fr\/home\/index.php\/wp-json\/wp\/v2\/comments?post=244"}],"version-history":[{"count":25,"href":"http:\/\/damienlagrange.fr\/home\/index.php\/wp-json\/wp\/v2\/pages\/244\/revisions"}],"predecessor-version":[{"id":2167,"href":"http:\/\/damienlagrange.fr\/home\/index.php\/wp-json\/wp\/v2\/pages\/244\/revisions\/2167"}],"wp:attachment":[{"href":"http:\/\/damienlagrange.fr\/home\/index.php\/wp-json\/wp\/v2\/media?parent=244"}],"curies":[{"name":"wp","href":"https:\/\/api.w.org\/{rel}","templated":true}]}}